n base 10, what is -222 + -5?
-227
In base 11, what is 8610 - 5?
8606
In base 14, what is -9b6 - 3?
-9b9
In base 6, what is 0 + 135?
135
In base 2, what is 1 + -1000010011?
-1000010010
In base 16, what is -49 + 0?
-49
In base 16, what is a - 13?
-9
In base 16, what is -65b + 4?
-657
In base 4, what is 3 - 221?
-212
In base 10, what is 5 - 108?
-103
In base 11, what is -20 - -49?
29
In base 3, what is -10 - -10?
0
In base 13, what is -4 + -81?
-85
In base 15, what is -3 - 2c3?
-2c6
In base 8, what is -2751 + 2?
-2747
In base 11, what is -63 - -130?
78
In base 3, what is 12 + -2112?
-2100
In base 16, what is -5 + -43?
-48
In base 5, what is 143340 + -4?
143331
In base 12, what is 51 + 30b?
360
In base 5, what is -203 - -4?
-144
In base 10, what is 75 + -86?
-11
In base 13, what is 43 - 9?
37
In base 9, what is -53 + -166?
-230
In base 11, what is -26 - -94?
69
In base 15, what is 1a + 12?
2c
In base 6, what is -1104 - 5?
-1113
In base 2, what is 111 - -1100?
10011
In base 12, what is 71 - -4?
75
In base 2, what is 11101000000 + 111?
11101000111
In base 16, what is -83 - 1?
-84
In base 16, what is a - -3e?
48
In base 16, what is -11 - -3f?
2e
In base 6, what is 1132 - 0?
1132
In base 3, what is 10 + 121101?
121111
In base 2, what is 1001111000 + -101?
1001110011
In base 16, what is 26 - -3?
29
In base 3, what is -201100 - 220?
-202020
In base 12, what is -242b - 4?
-2433
In base 16, what is -76 - 3?
-79
In base 10, what is 37 - -1?
38
In base 11, what is -5 + 310?
306
In base 7, what is 42 + 11?
53
In base 2, what is 100101 + 10101?
111010
In base 9, what is -66 + 1?
-65
In base 12, what is -3 - 2a?
-31
In base 7, what is -325 - 46?
-404
In base 6, what is -5 - -10453?
10444
In base 13, what is -1 + 192?
191
In base 4, what is 10 + -13101?
-13031
In base 9, what is 1661 - 1?
1660
In base 4, what is 101 + 10123?
10230
In base 12, what is -13 + 8?
-7
In base 11, what is -29 + -5?
-33
In base 6, what is -503 - 2?
-505
In base 4, what is 10 - -12?
22
In base 8, what is -33 + -625?
-660
In base 4, what is -2030 + 2?
-2022
In base 14, what is -691 - 5?
-696
In base 10, what is -161 + 9?
-152
In base 5, what is -113 + -200?
-313
In base 8, what is -2 - -1076?
1074
In base 14, what is -41a - b?
-427
In base 13, what is 60 + 5?
65
In base 5, what is -1 - 111420?
-111421
In base 15, what is 160 - -3?
163
In base 11, what is 6040 + 3?
6043
In base 6, what is 455 - 4?
451
In base 7, what is -1 - 4?
-5
In base 8, what is 317 + -17?
300
In base 16, what is 667 - 3?
664
In base 15, what is -6 + 46?
40
In base 3, what is -10212122 - -10?
-10212112
In base 10, what is 3435 - -4?
3439
In base 7, what is -1 - -16041?
16040
In base 8, what is -3 - 171?
-174
In base 10, what is -353 + 11?
-342
In base 14, what is -3 + -52?
-55
In base 9, what is -3 + -3?
-6
In base 9, what is -10 + -20?
-30
In base 15, what is -3 - 2a3?
-2a6
In base 12, what is -59 + -4?
-61
In base 15, what is 11 - a?
6
In base 15, what is -4 + 10a?
106
In base 3, what is -1011 - 12?
-1100
In base 7, what is -4 + -61?
-65
In base 6, what is 4 - -31000?
31004
In base 13, what is -58 - 0?
-58
In base 10, what is 0 - 137?
-137
In base 3, what is -12 + -221101?
-221120
In base 12, what is -5 + 44?
3b
In base 2, what is -11110000 + -1001?
-11111001
In base 9, what is 8 + 43?
52
In base 2, what is -10100000 + -101?
-10100101
In base 8, what is 1160 + 1?
1161
In base 3, what is 11202020 - 2?
11202011
In base 3, what is -11201 + 101?
-11100
In base 9, what is 137 + -5?
132
In base 9, what is -1650 + 4?
-1645
In base 6, what is 4 - 1?
3
In base 16, what is 6 + 1b?
21
In base 3, what is -1111 - -1001?
-110
In base 10, what is -18 - 45?
-63
In base 3, what is 112222 - -12?
120011
In base 10, what is 2 - -52?
54
In base 12, what is -36 + -4?
-3a
In base 5, what is -4 - 144010?
-144014
In base 2, what is 110100010 - 101?
110011101
In base 9, what is 4333 + -5?
4327
In base 7, what is 0 + -2211?
-2211
In base 12, what is 2 - 2630?
-262a
In base 14, what is -6 + -149?
-151
In base 2, what is 100010010011 - 100?
100010001111
In base 4, what is -300 + -23?
-323
In base 12, what is -5 + -57?
-60
In base 3, what is 2020 + 0?
2020
In base 16, what is -14 - 8?
-1c
In base 8, what is 1106 + 2?
1110
In base 8, what is 21 + 42?
63
In base 15, what is -207 - 1?
-208
In base 12, what is -15 - -72?
59
In base 6, what is 13 + 1553?
2010
In base 10, what is -4 + 2243?
2239
In base 10, what is 702 - -4?
706
In base 3, what is -2 - 12112?
-12121
In base 8, what is 256 + -4?
252
In base 15, what is -5b - 0?
-5b
In base 16, what is -b - 14?
-1f
In base 2, what is 100 - -1100100?
1101000
In base 16, what is 2 + a?
c
In base 12, what is -9b - -50?
-4b
In base 15, what is -981 - -5?
-97b
In base 2, what is -1010011100010 - -101?
-1010011011101
In base 5, what is 10 - 131?
-121
In base 11, what is 1 + -53?
-52
In base 10, what is 10848 + 4?
10852
In base 11, what is 3 - 138?
-135
In base 3, what is -20201 + 12?
-20112
In base 13, what is -5 - 987?
-98c
In base 9, what is -5 + -21?
-26
In base 9, what is -3 + 1505?
1502
In base 11, what is -7 - 9?
-15
In base 9, what is 1260 + -1?
1258
In base 4, what is -1320 + -3?
-1323
In base 3, what is 1221000 + -10?
1220220
In base 10, what is 10 + 7?
17
In base 2, what is 101 + -110010?
-101101
In base 3, what is -1121 + -11?
-1202
In base 12, what is -39 - -5?
-34
In base 12, what is 15 - -71?
86
In base 13, what is ab8 + -1?
ab7
In base 2, what is 1110100000 + 0?
1110100000
In base 5, what is -102 + -302?
-404
In base 2, what is -100 + -11000?
-11100
In base 8, what is 1774 + -4?
1770
In base 11, what is -1 + -942?
-943
In base 4, what is -2 - -201332?
201330
In base 5, what is -4 + 10032?
10023
In base 15, what is 27c - 3?
279
In base 2, what is -100 - -100011?
11111
In base 10, what is 1683 - -2?
1685
In base 2, what is -110 - -100010011000?
100010010010
In base 4, what is 2111 - 23?
2022
In base 15, what is 0 - -61?
61
In base 5, what is -4 - -340?
331
In base 13, what is -1 - -187?
186
In base 12, what is 4a + 4?
52
In base 9, what is 818 + 5?
824
In base 2, what is 10001 - -1010?
11011
In base 2, what is -101 - 10100011?
-10101000
In base 9, what is 558 - -30?
588
In base 5, what is 21 + 231?
302
In base 2, what is -100011001010 + 100?
-100011000110
In base 6, what is -5 + -52334?
-52343
In base 8, what is -3420 + -1?
-3421
In base 10, what is -218 - 16?
-234
In base 6, what is -412 - -1233?
421
In base 9, what is -1680 + 0?
-1680
In base 14, what is 4a - -6?
52
In base 4, what is 2 + 1?
3
In base 6, what is 51553 + -2?
51551
In base 11, what is -2548 + -3?
-2550
In base 6, what is 33 + 4215?
4252
In base 14, what is 5 + 847?
84c
In base 3, what is 12001 - -2220?
21221
In base 4, what is -22 - -130301?
130213
In base 5, what is 222422 - 10?
222412
In base 16, what is 602 - -4?
606
In base 9, what is -37 + 3?
-34
In base 2, what is 111 - -100011?
101010
In base 12, what is -5 + 40?
37
In base 16, what is -f + -9?
-18
In base 11, what is 20 + 110?
130
In base 9, what is -2 - 24?
-26
In base 11, what is 62 - -2?
64
In base 3, what is -12 - -21?
2
In base 8, what is 4 - 253?
-247
In base 6, what is 341 - 0?
341
In base 5, what is 20 + 14?
34
In base 4, what is 3 + 231?
300
In base 4, what is 1 + -10210?
-10203
In base 2, what is 1100 - 110110?
-101010
In base 2, what is -1111100111 + -1001?
-1111110000
In base 13, what is -1 - 202?
-203
In base 12, what is -1b + 5?
-16
In base 3, what is 1000021 - 0?
1000021
In base 2, what is 1 - -1000001001?
1000001010
In base 11, what is -43 - a?
-52
In base 5, what is -10 + 121?
111
In base 16, what is -20 - -4?
-1c
In base 14, what is -a7d - -3?
-a7a
In base 6, what is -153 + 15?
-134
In base 11, what is -4 - 96?
-9a
In base 11, what is -60 + -35?
-95
In base 2, what is -100 - -10010011110?
10010011010
In base 10, what is 695 + 14?
709
In base 7, what is 3 + 20?
23
In base 8, what is -11 + -6200?
-6211
In base 4, what is -13 - 1001300?
-1001313
In base 10, what is 40 - -1?
41
In base 9, what is 23 - 6?
16
In base 9, what is 4 - -344?
348
In base 12, what is 0 + -133?
-133
In base 5, what is -12 - 103?
-120
In base 9, what is 1 + 520?
521
In base 14, what is 0 - -338?
338
In base 2, what is 110 - 1001?
-11
In base 4, what is 10 - 22?
-12
In base 14, w